{"id":41,"date":"2014-03-17T15:32:33","date_gmt":"2014-03-17T15:32:33","guid":{"rendered":"http:\/\/www.detlevandevalet.se\/?page_id=41"},"modified":"2019-02-06T10:50:02","modified_gmt":"2019-02-06T09:50:02","slug":"det-levande-valet-supervalaret-och-rollspelen-som-engagerar","status":"publish","type":"page","link":"https:\/\/www.detlevandevalet.se\/","title":{"rendered":"Det levande valet \u2013 tv\u00e5 rollspel om politiska val"},"content":{"rendered":"<p>Inf\u00f6r Riksdagsvalet 2018 och Europaparlamentsvalet 2019 genomf\u00f6r <em>Sveriges Elevr\u00e5d &#8211; SVEA<\/em> och <em>Sverok &#8211; Spelhobbyf\u00f6rbundet<\/em>\u00a0tillsammans en satsning p\u00e5 att engagera landets framtida v\u00e4ljare genom rollspelsprojektet Det levande valet. I spelen <a href=\"https:\/\/www.detlevandevalet.se\/?page_id=32\">Republiken skolan<\/a> och <a href=\"https:\/\/www.detlevandevalet.se\/?page_id=19\">R\u00e5det<\/a> st\u00e4lls Sveriges h\u00f6gstadie- och gymnasieelever inf\u00f6r scenarion som engagerar och skapar debatt; demokratiarbete i skolan efter ett landsomfattande elevuppror och en omskakande framtid i yttre rymden.<\/p>\n<p><img decoding=\"async\" loading=\"lazy\" class=\"alignright wp-image-290 size-medium\" src=\"https:\/\/www.detlevandevalet.se\/wp-content\/uploads\/2018\/06\/Marlene_Broman_2018_Kontakt-295x300.jpg\" alt=\"\" width=\"295\" height=\"300\" srcset=\"https:\/\/www.detlevandevalet.se\/wp-content\/uploads\/2018\/06\/Marlene_Broman_2018_Kontakt-295x300.jpg 295w, https:\/\/www.detlevandevalet.se\/wp-content\/uploads\/2018\/06\/Marlene_Broman_2018_Kontakt-768x781.jpg 768w, https:\/\/www.detlevandevalet.se\/wp-content\/uploads\/2018\/06\/Marlene_Broman_2018_Kontakt-1007x1024.jpg 1007w, https:\/\/www.detlevandevalet.se\/wp-content\/uploads\/2018\/06\/Marlene_Broman_2018_Kontakt-830x844.jpg 830w, https:\/\/www.detlevandevalet.se\/wp-content\/uploads\/2018\/06\/Marlene_Broman_2018_Kontakt-230x234.jpg 230w, https:\/\/www.detlevandevalet.se\/wp-content\/uploads\/2018\/06\/Marlene_Broman_2018_Kontakt-350x356.jpg 350w, https:\/\/www.detlevandevalet.se\/wp-content\/uploads\/2018\/06\/Marlene_Broman_2018_Kontakt-480x488.jpg 480w\" sizes=\"(max-width: 295px) 100vw, 295px\" \/><\/p>\n<p><em>Det levande valet<span style=\"line-height: 1.5;\"> \u00e4r ett projekt som ska ge st\u00f6d till skolor som vill arrangera<\/span> <span style=\"line-height: 1.5;\">skolval<\/span><span style=\"line-height: 1.5;\"> eller som vill arbeta med politik i skolan. Upplevelsebaserat l\u00e4rande kan \u00f6ppna f\u00f6r sp\u00e4nnande samtal d\u00e4r l\u00e4rare och elever tillsammans g\u00f6r en uppt\u00e4cktsresa.\u00a0<\/span><\/em><\/p>\n<p>H\u00e4r p\u00e5 p\u00e5 v\u00e5r hemsida kan du l\u00e4sa mer om spelen och f\u00e5 tips p\u00e5 hur du som handledare skapar en \u00e4nnu b\u00e4ttre rollspelsupplevelse. Du kan \u00e4ven ladda ner <em>Republiken Skolan och<\/em>\u00a0<em>R\u00e5det<\/em>\u00a0h\u00e4r.<\/p>\n<p><span style=\"line-height: 1.5;\">Projektet genomf\u00f6rs p\u00e5 uppdrag av Myndigheten f\u00f6r ungdoms- och civilsamh\u00e4llesfr\u00e5gor. <\/span><span style=\"line-height: 1.5;\">Spelen lanserades f\u00f6r f\u00f6rsta g\u00e5ngen under val\u00e5ret 2014, och detta \u00e4r 2018 och 2019 \u00e5rs reviderade upplagor.<\/span><\/p>\n<h4><strong>H\u00e4r kan du ladda ned:<\/strong><\/h4>\n<p><a href=\"https:\/\/www.detlevandevalet.se\/wp-content\/uploads\/2018\/04\/Republiken_Skolan.pdf\" target=\"_blank\" rel=\"noopener\"><em>Republiken Skolan \u2013 Ett rollspel om demokratifr\u00e5gor och riksdagsvalet<\/em><\/a><\/p>\n<p><a href=\"https:\/\/www.detlevandevalet.se\/wp-content\/uploads\/2018\/08\/R\u00e5det.pdf\" target=\"_blank\" rel=\"noopener\"><em>R\u00e5det \u2013 Ett rollspel om demokratifr\u00e5gor och Europaparlamentsvalet<\/em><\/a><\/p>\n","protected":false},"excerpt":{"rendered":"<p>Inf\u00f6r Riksdagsvalet 2018 och Europaparlamentsvalet 2019 genomf\u00f6r Sveriges Elevr\u00e5d &#8211; SVEA och Sverok &#8211; Spelhobbyf\u00f6rbundet\u00a0tillsammans en satsning p\u00e5 att engagera landets framtida [&hellip;]<\/p>\n","protected":false},"author":3,"featured_media":0,"parent":0,"menu_order":0,"comment_status":"closed","ping_status":"closed","template":"","meta":[],"_links":{"self":[{"href":"https:\/\/www.detlevandevalet.se\/index.php?rest_route=\/wp\/v2\/pages\/41"}],"collection":[{"href":"https:\/\/www.detlevandevalet.se\/index.php?rest_route=\/wp\/v2\/pages"}],"about":[{"href":"https:\/\/www.detlevandevalet.se\/index.php?rest_route=\/wp\/v2\/types\/page"}],"author":[{"embeddable":true,"href":"https:\/\/www.detlevandevalet.se\/index.php?rest_route=\/wp\/v2\/users\/3"}],"replies":[{"embeddable":true,"href":"https:\/\/www.detlevandevalet.se\/index.php?rest_route=%2Fwp%2Fv2%2Fcomments&post=41"}],"version-history":[{"count":41,"href":"https:\/\/www.detlevandevalet.se\/index.php?rest_route=\/wp\/v2\/pages\/41\/revisions"}],"predecessor-version":[{"id":338,"href":"https:\/\/www.detlevandevalet.se\/index.php?rest_route=\/wp\/v2\/pages\/41\/revisions\/338"}],"wp:attachment":[{"href":"https:\/\/www.detlevandevalet.se\/index.php?rest_route=%2Fwp%2Fv2%2Fmedia&parent=41"}],"curies":[{"name":"wp","href":"https:\/\/api.w.org\/{rel}","templated":true}]}}